{"id":37,"date":"2015-11-03T10:48:19","date_gmt":"2015-11-03T09:48:19","guid":{"rendered":"http:\/\/burschenverein-beyernaumburg.de\/?page_id=37"},"modified":"2017-04-16T09:13:37","modified_gmt":"2017-04-16T07:13:37","slug":"unser-dorf","status":"publish","type":"page","link":"https:\/\/burschenverein-beyernaumburg.de\/?page_id=37","title":{"rendered":"Unser Dorf"},"content":{"rendered":"<p style=\"text-align: justify;\">Beyernaumburg ist ein kleines Dorf im s\u00fcdlichen Sachsen-Anhalt mit vorwiegend Obst- und Landwirtschaftlichen Charakter und seit 01.01.2010 Ortsteil der Stadt Allstedt. Wir sind mit ca. 763 Einwohnern (Stand 30.07.2013) der zweitgr\u00f6\u00dfte Ortsteil nach Allstedt selbst und erstrecken uns auf einer Gr\u00f6\u00dfe von 12,6 Qkm so ca. 250m \u00fcber dem Meeresspiegel.<\/p>\n<p style=\"text-align: justify;\">Der erste schriftliche Nachweis \u00fcber Beyernaumburg stammt aus der Zeit um 854 (doch schon ganz sch\u00f6n alt, nicht wahr) und ist im Hersfelder Zehntverzeichnis aufgef\u00fchrt. Anfang des 12. Jahrhunderts erhielt Graf Wichmann von Gleuss, auch der Bayer genannt, die Burg Niuuenburg zu Lehen vom damaligen deutschen Kaiser Heinrich V. Daraus stammt der \u00dcberlieferung zu Folge auch der Sp\u00e4tere Name des Ortes Beyernaumburg (des Bayern Neue Burg).<\/p>\n<p style=\"text-align: justify;\"><a href=\"https:\/\/burschenverein-beyernaumburg.de\/wp-content\/uploads\/2015\/12\/templer_beyernaumburg_schloss.jpg\"><img loading=\"lazy\" decoding=\"async\" class=\"alignnone size-medium wp-image-2761\" src=\"https:\/\/burschenverein-beyernaumburg.de\/wp-content\/uploads\/2015\/12\/templer_beyernaumburg_schloss-300x225.jpg\" alt=\"templer_beyernaumburg_schloss\" width=\"300\" height=\"225\" srcset=\"https:\/\/burschenverein-beyernaumburg.de\/wp-content\/uploads\/2015\/12\/templer_beyernaumburg_schloss-300x225.jpg 300w, https:\/\/burschenverein-beyernaumburg.de\/wp-content\/uploads\/2015\/12\/templer_beyernaumburg_schloss.jpg 600w\" sizes=\"auto, (max-width: 300px) 100vw, 300px\" \/><\/a><\/p>\n<p style=\"text-align: justify;\">Die Burg \u2013 bzw Schlossanlage liegt am S\u00fcdwesthang des H\u00f6henr\u00fcckens der Horl und erhebt sich weithin sichtbar \u00fcber den Ort. Die ausgedehnte Schlossanlage ist karolingischen Ursprungs. Sie war einst Reichsburg, die strategische Aufgaben erf\u00fcllte und diente als Schutz gegen andere eindringende Germanenst\u00e4mme. Aus dem 12. Jahrhundert erhalten geblieben sind Teile der Vorburg und der Bergfried. Die Wirtschaftsgeb\u00e4ude und das Torhaus wurden im 16.\/17. Jahrhundert neu errichtet. Das Oberschloss entstand in seiner heutigen Form im 18. Jahrhundert.<\/p>\n<p style=\"text-align: justify;\">Die 300 ha gro\u00dfe Parkanlage des Schlosses wurde 1864 von Eduard Petzold, einem Sch\u00fcler Hermann von P\u00fcckler, neu gestaltet.<br \/>\nDie \u00dcberleitung zum umgebenden Wald arrangierte er geschickt. Ausgebaute Rad \u2013 und Wanderwege f\u00fchren zu idyllischen Pl\u00e4tzen, Wasserl\u00e4ufen und Obstplantagen.<br \/>\nNaturfreunde und Erholungssuchende kommen hier auf ihre Kosten.<\/p>\n<p style=\"text-align: justify;\"><a href=\"https:\/\/burschenverein-beyernaumburg.de\/wp-content\/uploads\/2015\/12\/hdr.jpg\"><img loading=\"lazy\" decoding=\"async\" class=\"alignnone size-medium wp-image-2758\" src=\"https:\/\/burschenverein-beyernaumburg.de\/wp-content\/uploads\/2015\/12\/hdr-300x200.jpg\" alt=\"hdr\" width=\"300\" height=\"200\" srcset=\"https:\/\/burschenverein-beyernaumburg.de\/wp-content\/uploads\/2015\/12\/hdr-300x200.jpg 300w, https:\/\/burschenverein-beyernaumburg.de\/wp-content\/uploads\/2015\/12\/hdr-1024x683.jpg 1024w, https:\/\/burschenverein-beyernaumburg.de\/wp-content\/uploads\/2015\/12\/hdr.jpg 1200w\" sizes=\"auto, (max-width: 300px) 100vw, 300px\" \/><\/a><\/p>\n<p style=\"text-align: justify;\">Eine weitere touristische Attraktion Beyernaumburgs ist die Kirche St. Urban, die im 13. Jahrhundert s\u00fcdlich der Schlossanlage errichtet wurde. Sie ist eine einschiffige Kreuzkirche.<\/p>\n<p style=\"text-align: justify;\"><a href=\"http:\/\/www.jenswarnke.de\/pano\/Kirche-Beyernaumburg-Panorama.html\" target=\"_blank\"><img loading=\"lazy\" decoding=\"async\" class=\"size-medium wp-image-2759 alignnone\" src=\"https:\/\/burschenverein-beyernaumburg.de\/wp-content\/uploads\/2015\/12\/Kirche-in-Beyernaumburg-206x300.jpg\" alt=\"Kirche-in-Beyernaumburg\" width=\"206\" height=\"300\" srcset=\"https:\/\/burschenverein-beyernaumburg.de\/wp-content\/uploads\/2015\/12\/Kirche-in-Beyernaumburg-206x300.jpg 206w, https:\/\/burschenverein-beyernaumburg.de\/wp-content\/uploads\/2015\/12\/Kirche-in-Beyernaumburg.jpg 687w\" sizes=\"auto, (max-width: 206px) 100vw, 206px\" \/><\/a><br \/>\nUnter dem Chorraum befindet sich die Gruft des Geschlechts derer von der Asseburg. Bermerkenswert sch\u00f6n ist auch der Schnitzaltar im sp\u00e4tgotischen Stil.<br \/>\nSehenswerte Fachwerkgeb\u00e4ude befinden sich in der Ortslage. Ein besonderer Reiz \u00fcbt der kleine Ort Othal, einstiges Vorwerk der Burg Beyernaumburg, auf die Besucher aus. Othal wurde im 16. Jahrhundert als Gutssiedlung gegr\u00fcndet.<\/p>\n<p style=\"text-align: justify;\"><a href=\"https:\/\/burschenverein-beyernaumburg.de\/wp-content\/uploads\/2015\/12\/1-cms12-483-g.jpg\"><img loading=\"lazy\" decoding=\"async\" class=\"alignnone size-medium wp-image-2757\" src=\"https:\/\/burschenverein-beyernaumburg.de\/wp-content\/uploads\/2015\/12\/1-cms12-483-g-300x218.jpg\" alt=\"1-cms12-483-g\" width=\"300\" height=\"218\" srcset=\"https:\/\/burschenverein-beyernaumburg.de\/wp-content\/uploads\/2015\/12\/1-cms12-483-g-300x218.jpg 300w, https:\/\/burschenverein-beyernaumburg.de\/wp-content\/uploads\/2015\/12\/1-cms12-483-g.jpg 450w\" sizes=\"auto, (max-width: 300px) 100vw, 300px\" \/><\/a><\/p>\n<p style=\"text-align: justify;\">Unverwechselbar f\u00fcr Beyernaumburg ist das Zusammenwirken der vielen Vereine, Interessengemeinschaften und der Freiwilligen Feuerwehr.<\/p>\n","protected":false},"excerpt":{"rendered":"<p>Beyernaumburg ist ein kleines Dorf im s\u00fcdlichen Sachsen-Anhalt mit vorwiegend Obst- und Landwirtschaftlichen Charakter und seit 01.01.2010 Ortsteil der Stadt Allstedt. Wir sind mit ca. 763 Einwohnern (Stand 30.07.2013) der zweitgr\u00f6\u00dfte Ortsteil nach Allstedt selbst und erstrecken uns auf einer Gr\u00f6\u00dfe von 12,6 Qkm so ca. 250m \u00fcber dem Meeresspiegel. Der erste schriftliche Nachweis \u00fcber &hellip; <a href=\"https:\/\/burschenverein-beyernaumburg.de\/?page_id=37\" class=\"more-link\"><span class=\"screen-reader-text\">Unser Dorf<\/span> weiterlesen <span class=\"meta-nav\">&rarr;<\/span><\/a><\/p>\n","protected":false},"author":1,"featured_media":0,"parent":0,"menu_order":0,"comment_status":"closed","ping_status":"closed","template":"page-templates\/full-width.php","meta":{"footnotes":""},"class_list":["post-37","page","type-page","status-publish","hentry","gallery-content-unit"],"_links":{"self":[{"href":"https:\/\/burschenverein-beyernaumburg.de\/index.php?rest_route=\/wp\/v2\/pages\/37","targetHints":{"allow":["GET"]}}],"collection":[{"href":"https:\/\/burschenverein-beyernaumburg.de\/index.php?rest_route=\/wp\/v2\/pages"}],"about":[{"href":"https:\/\/burschenverein-beyernaumburg.de\/index.php?rest_route=\/wp\/v2\/types\/page"}],"author":[{"embeddable":true,"href":"https:\/\/burschenverein-beyernaumburg.de\/index.php?rest_route=\/wp\/v2\/users\/1"}],"replies":[{"embeddable":true,"href":"https:\/\/burschenverein-beyernaumburg.de\/index.php?rest_route=%2Fwp%2Fv2%2Fcomments&post=37"}],"version-history":[{"count":13,"href":"https:\/\/burschenverein-beyernaumburg.de\/index.php?rest_route=\/wp\/v2\/pages\/37\/revisions"}],"predecessor-version":[{"id":4056,"href":"https:\/\/burschenverein-beyernaumburg.de\/index.php?rest_route=\/wp\/v2\/pages\/37\/revisions\/4056"}],"wp:attachment":[{"href":"https:\/\/burschenverein-beyernaumburg.de\/index.php?rest_route=%2Fwp%2Fv2%2Fmedia&parent=37"}],"curies":[{"name":"wp","href":"https:\/\/api.w.org\/{rel}","templated":true}]}}